) be the second derivative of -d**4/12 + 2*d**3 - 9*d**2/2 + 54*d. Calculate p(7).
26
Let d = -14 + 14. Let u be d/(3/(2 + 1)). Suppose u*r + 5*r - 25 = 0. Let c(f) = -f**2 + 6*f + 3. What is c(r)?
8
Let r = -285 - -279. Let g(j) = -j**3 - 6*j**2 - j - 13. Give g(r).
-7
Suppose 6*w + 1 + 11 = 0. Let n be w/(-11) + 237/(-33). Let l(a) = -3*a - 8. Give l(n).
13
Suppose 0 = b - 0*b - 2*b. Let r(m) = -m**3 - m**2 + 10. Determine r(b).
10
Let r(h) = 5*h - 8. Let b be r(6). Let g = b + -16. Let z(m) = 2*m - 9. Give z(g).
3
Let x(z) = -3*z**3 - 2*z**2 + 2*z - 2. Let v(h) = 10*h**3 + 6*h**2 - 6*h + 6. Let a(n) = 2*v(n) + 7*x(n). Calculate a(-3).
1
Let x(i) = -i**2 + 3*i + 3. Suppose -4*s = -0*s + 4*o, 4*o + 16 = 0. What is x(s)?
-1
Let i(j) be the second derivative of 12*j + 11/2*j**2 + 1/60*j**5 - 1/6*j**3 + 1/8*j**4 + 0. Let g(d) be the first derivative of i(d). What is g(-6)?
17
Let p(j) be the first derivative of -j**3/3 + j**2 + 7*j - 207. Determine p(-3).
-8
Let d(u) = 7*u - 1. Let m = 17 + -16. Let t(n) = 12*n**3 - n. Let w be t(m). Suppose -4*f = 3*c - w, -2*f = -2*c - 3*f + 4. Determine d(c).
6
Let j(t) = t**3 + 3*t**2 - 5*t - 6. Let p be j(-4). Let d = -73 + 126. Let n(l) = 0*l + 52 + 0*l - 2*l - d. Determine n(p).
3
Let g(b) = 3 + 152720*b - 11 - 152727*b - 2*b**2 + 3*b**2. Give g(7).
-8
Let p(l) = l**3 + 4*l**2 - 7*l - 16. Let v be p(-5). Let s(w) = w + 0*w + 2 - 2*w - 5. What is s(v)?
3
Suppose -72*z = -64*z. Let u(v) = v - 9. What is u(z)?
-9
Let q(x) = -x**3 - 6*x**2 - 2*x + 5. Suppose -96*z - 20 = -91*z. Determine q(z).
-19
Let d(h) = -57*h + 29. Let w(g) = -300*g + 144. Let q(a) = 21*d(a) - 4*w(a). Determine q(-6).
15
Let c(q) = q**2 + 9*q + 2. Let w be c(-9). Let z be (-53)/11 - w/11. Let s(p) = -p - 1. Give s(z).
4
Let i(y) be the second derivative of -7*y**3/3 + y**2/2 - 453*y. Determine i(-1).
15
Let p(z) = z - 3. Suppose 4*q + 8 = 0, -5*x + q = -q - 69. Suppose w - x = -2*m, -27 = -3*m + w - 4*w. Determine p(m).
1
Let i(p) = -p. Let h be (0 + -1)/(-1) - 1. Let m be i(h). Let v(c) = 1709 - c - 858 - 850 + c + c**2. Determine v(m).
1
Let y(j) = -j - 6*j + 2*j + 10*j. What is y(1)?
5
Let g(o) = 3*o. Let u be 1 - (0 - 1)*0. Suppose -4*p + 10 = -z - u, -3*z + 3 = -3*p. Suppose -5*r - 3*f = -20, 16 = -3*r + 3*f + p. Calculate g(r).
3
Let p = 17 - 15. Suppose 0 = -p*s + 6*s. Suppose 4*f + 12 = -s*f. Let q(i) = -2*i**2 - 5*i - 3. What is q(f)?
-6
Let c(w) = 32*w + 199. Let z be c(-6). Let a(k) be the second derivative of z*k + 0 + 0*k**3 - 11/12*k**4 - 1/2*k**2. Calculate a(-1).
-12
Let g(d) = 1 - 927*d + 462*d + 463*d. What is g(-5)?
11
Let q(p) = 0*p + 21 - 25 - 2*p. Calculate q(-5).
6
Let m(r) = -r - 2. Suppose 3*x = -5*h - 22 - 0, 3*h = -3*x - 24. Let o = x + 14. What is m(o)?
-7
Let d(s) be the first derivative of 5/2*s**2 + 14 - s. Determine d(-1).
-6
Let r(o) = o**3 - 2*o**2 - 2*o - 2. Let y = -14 - -18. Suppose 5*u = -y*j + 19, -4*u - 3*j + 18 = u. Calculate r(u).
1
Suppose 2*z - q + 6 = 0, -2*q + 5 - 8 = -z. Let m(w) = -w**3 - 6*w**2 - 4*w + 5. What is m(z)?
0
Let h(p) = -p - 6. Let q(l) = -l**2 - 4*l + 4. Let j be q(-4). Let g be j/(-2)*(3 + -1). Give h(g).
-2
Let z(w) = w - 1. Let g be z(3). Suppose -3*h - h + 22 = -g*d, 0 = h - 5*d - 28. Let f = h - 7. Let m(a) = a**3 + 3*a**2 - 5*a - 2. Calculate m(f).
2
Let m be 30/12 - (-1)/(-2). Let n(k) be the third derivative of 1/24*k**4 + 1/120*k**6 - 3*k**2 + 0 - 1/60*k**5 - 1/3*k**3 + 0*k. What is n(m)?
4
Let i(a) = -32*a**2 - 16*a + 5. Let j(c) = 23*c**2 + 11*c - 3. Let g(f) = 5*i(f) + 7*j(f). Give g(6).
22
Let n(g) be the first derivative of -g**2/2 - 3*g - 2. Suppose 4*k = 9*k + 180. Let v = -40 - k. Give n(v).
1
Let k(o) = 5*o**3 + 44*o**2 - 11*o - 29. Let a be k(-9). Let l(t) = -t**3 - 10*t**2 + 11*t + 2. Calculate l(a).
2
Let z(f) = -f**3 - 19*f**2 - 32*f + 24. Let d be z(-17). Let o(t) = -3*t + 1. What is o(d)?
31
Let p(o) = o**3 + o**2 - 14. Suppose q = -5*q + 84. Suppose -q*g = -10*g. Give p(g).
-14
Let y(p) = 5*p + 10*p**3 + 1 + 1 - 15*p**3. Let j(h) = 11*h**3 - 11*h - 5. Let m(r) = -6*j(r) - 13*y(r). What is m(0)?
4
Let z = 112 - 121. Let r(v) = -v**3 - 10*v**2 - 11*v - 1. Determine r(z).
17
Let c be 0 + (-3 - 0)*-3. Let s(v) = 2*v - 8. Let k be s(c). Suppose k*d = 8*d - 12. Let h(u) = u**2 + 6*u. Calculate h(d).
0
Let b(r) be the second derivative of -r**4/12 + 3*r**3 - 6*r**2 - r. Let c be b(17). Let v(t) = t. What is v(c)?
5
Let c(f) = -94*f**2 + 10*f - 11*f + 91*f**2 + 2*f**3 + 2. What is c(2)?
4
Let f(o) = 3*o**3 + 2*o - 1. Let n be -15 + (4/2 - 1). Let u = n - -13. Let p be ((-10)/(-30))/(u/(-3)). Calculate f(p).
4
Let o(n) = -17*n**2 - 1. Let g be (-6)/6*(-3)/(-3). Calculate o(g).
-18
Let k(i) be the first derivative of -i**6/180 + i**5/40 - i**4/24 - i**3/3 + 8. Let p(w) be the third derivative of k(w). Give p(3).
-10
Let z = 13 - 10. Suppose -2*i = z*i - 3*g - 33, -4*i + 4*g + 28 = 0. Let y(q) = -q**3 + 5*q**2 + 6*q + 1. Calculate y(i).
1
Let u(n) be the third derivative of n**6/120 + 2*n**5/15 + n**4/12 + 4*n**3/3 + 60*n**2. Give u(-8).
-8
Let g be (-14)/(-10) - -2 - 10/25. Let w(z) = 8 + 3*z - z - z**2 + g*z. Calculate w(7).
-6
Suppose 32 = 5*x + 7. Let m(b) = 5*b**2 + 16*b - 22. Let k(i) = -i**2 - 4*i + 5. Let z(f) = 9*k(f) + 2*m(f). Give z(x).
6
Suppose -b = -4*b, -2*c = b - 10. Suppose -c*x = 3*f - 26 - 5, 5*f - 3*x + 5 = 0. Let q(k) = -2*k**3 + 2*k**2 + 2*k - 3. Determine q(f).
-7
Let r(u) = u**2 + 10*u + 12. Let l be r(-9). Suppose -3*i + 25 = -0*i - 4*n, -2*i = l*n - 11. Suppose 3*x + i - 1 = 0. Let z(m) = 2*m**2 + m - 1. Give z(x).
5
Let o(n) be the third derivative of 1/60*n**5 - 1/6*n**3 + 0*n + 2*n**2 + 1/8*n**4 + 0. What is o(-4)?
3
Let p(t) = 56*t + 10*t**2 + 49*t - 104*t - t**3 + 13. Determine p(10).
23
Let v(n) be the third derivative of -7*n**4/24 - n**3/6 + n**2. Suppose -z + 2 + 0 = 0. Suppose -4*a = -3*a - z. Calculate v(a).
-15
Suppose -3*f - 2*t = -5*t + 126, -2*f = t + 93. Let w = -45 - f. Let z(r) = -r**2 - r + 9. Calculate z(w).
9
Let z(h) = 6*h - 6*h - 63778*h**2 + 6 + 63779*h**2 + 7*h. Suppose 5 + 9 = -2*v. What is z(v)?
6
Let m(t) be the first derivative of -t**2 + t - 136. Give m(0).
1
Let s(f) = -f**2 + 3*f - 3. Suppose 3*j - 3*u + 9 = -0*j, -2*u + 10 = 0. Suppose j*x - 4*n = 2, -1 = -4*x - n + 3. Let v be x + 7 - (-4)/(-1). Determine s(v).
-7
Let t(p) be the third derivative of -p**4/4 - p**3/6 + 79*p**2. Calculate t(-5).
29
Let s(j) = 5*j - 2. Let m(b) = -2*b**3 + 15*b**2 - 15*b - 15. Let y be m(6). Calculate s(y).
13
Suppose 0 = 12*j - 8*j + 20. Let q(u) be the first derivative of u**2/2 + 8*u - 2. Let i(v) = v + 1. Let d(p) = j*i(p) + q(p). Give d(3).
-9
Let h(l) be the second derivative of l**4/3 + l**3/6 + l**2/2 + 26*l. Let j be h(-1). Let r(p) = -p - 2. What is r(j)?
-6
Let b(z) = -z**2 - 11*z - 15. Let w be b(-8). Let k(g) = 3*g - 36. What is k(w)?
-9
Let z(n) = -2*n**3 - 7*n - 6. Suppose -4*a = -4 - 8. Let p(v) = 5*v**3 + 20*v + 17. Let c(d) = a*p(d) + 8*z(d). Determine c(-3).
18
Let v = 10/87 + -17/232. Let w(q) be the third derivative of -1/6*q**3 + 0 + v*q**4 + 0*q + 11*q**2. Calculate w(5).
4
Let f be (0 + -10)*-2 - (-5 - -8). Let i(q) = 3*q - f*q + 0 - 1. Give i(-1).
13
Let i(r) be the second derivative of -r**5/10 + r**4/3 - r**3/2 + 48*r + 2. Calculate i(2).
-6
Let n be 6/4*(3 + 1). Let u(b) = b**2 - 8*b - 9. Let w(d) = -d**2 + 9*d + 10. Suppose 0 = -4*c + 33 - 13. Let l(r) = c*u(r) + 4*w(r). Determine l(n).
7
Let b be 6 + -7 + 9 + -14. Let z(l) = -2*l - 15. Determine z(b).
-3
Suppose 0 = -5*b - 4*t + 554, -4*t + 3*t = 2*b - 224. Let a be 8/14 + b/21. Suppose -2*u - u + a = 0. Let o(j) = 3*j + 1. Determine o(u).
7
Suppose -130*g + 135*g + 32 = 3*y, 4*g = -4*y - 32. Let w(i) = 2*i**2 + 2*i + 9 - i**2 + 6*i. Calculate w(g).
2
Let i(t) be the second derivative of 5/2*t**2 + 20*t - 5/6*t**3 + 0 - 1/12*t**4. Calculate i(-7).
-9
Let n(t) be the first derivative of -5*t**2/2 - 16*t - 545. Calculate n(-15).
59
Suppose -d - 3 = -7. Suppose 5*k + d*m - 160 = 0, -k + 3*m = m - 46. Suppose -21 = -n - 5*z, 4*n + 0*z + k = 4*z. Let x(b) = b**3 + 5*b**2 + 6*b + 1. Give x(n).
-7
Let z be (-3)/3 - (1 - 5). Let u(n) = -n**2 + 2 + 0 - 5 + 5*n - n**z - 2*n**2. Give u(-4).
-7
Let v(d) = 4*d**3 - 3*d**3 - 2*d**3 - 4*d**2. Let i(y) = 